s the millions digit of 1826282?
1
What is the millions digit of 1702653?
1
What is the hundred thousands digit of 17919682?
9
What is the hundred thousands digit of 5071315?
0
What is the hundreds digit of 3279729?
7
What is the tens digit of 2855851?
5
What is the hundred thousands digit of 360076?
3
What is the hundreds digit of 479368?
3
What is the hundred thousands digit of 5197446?
1
What is the thousands digit of 961992?
1
What is the ten thousands digit of 24541857?
4
What is the millions digit of 1200044?
1
What is the units digit of 26048801?
1
What is the hundred thousands digit of 452659?
4
What is the units digit of 1349701?
1
What is the tens digit of 430296?
9
What is the thousands digit of 8984?
8
What is the hundreds digit of 3597162?
1
What is the hundred thousands digit of 15945673?
9
What is the units digit of 692266?
6
What is the units digit of 7970?
0
What is the hundreds digit of 8061?
0
What is the hundred thousands digit of 391761?
3
What is the millions digit of 4059792?
4
What is the ten thousands digit of 212603?
1
What is the hundred thousands digit of 817492?
8
What is the tens digit of 7466821?
2
What is the ten thousands digit of 248984?
4
What is the units digit of 165272?
2
What is the tens digit of 6541052?
5
What is the ten thousands digit of 493684?
9
What is the units digit of 214690?
0
What is the hundred thousands digit of 344583?
3
What is the tens digit of 34311766?
6
What is the ten thousands digit of 243244?
4
What is the ten thousands digit of 925152?
2
What is the ten thousands digit of 9583972?
8
What is the ten thousands digit of 40685?
4
What is the tens digit of 10684358?
5
What is the hundreds digit of 81366?
3
What is the ten thousands digit of 125822?
2
What is the hundreds digit of 189022?
0
What is the hundreds digit of 1448812?
8
What is the thousands digit of 372532?
2
What is the hundred thousands digit of 5000453?
0
What is the hundred thousands digit of 648249?
6
What is the ten thousands digit of 859131?
5
What is the ten thousands digit of 35433?
3
What is the hundreds digit of 677925?
9
What is the ten thousands digit of 2895135?
9
What is the ten thousands digit of 267655?
6
What is the millions digit of 33888478?
3
What is the ten thousands digit of 112087?
1
What is the tens digit of 101787?
8
What is the ten thousands digit of 1719065?
1
What is the units digit of 391070?
0
What is the thousands digit of 56272?
6
What is the units digit of 2017109?
9
What is the units digit of 156708?
8
What is the hundred thousands digit of 2793276?
7
What is the hundred thousands digit of 205774?
2
What is the hundreds digit of 403152?
1
What is the thousands digit of 104010?
4
What is the hundred thousands digit of 2254781?
2
What is the thousands digit of 1285105?
5
What is the ten thousands digit of 8532421?
3
What is the millions digit of 5183046?
5
What is the hundreds digit of 120726?
7
What is the hundred thousands digit of 1553797?
5
What is the ten thousands digit of 666852?
6
What is the hundreds digit of 425775?
7
What is the hundreds digit of 965632?
6
What is the thousands digit of 346854?
6
What is the units digit of 170684?
4
What is the thousands digit of 679126?
9
What is the thousands digit of 8298003?
8
What is the thousands digit of 5070380?
0
What is the hundreds digit of 8266778?
7
What is the millions digit of 2272888?
2
What is the units digit of 1405772?
2
What is the millions digit of 1618378?
1
What is the units digit of 1620857?
7
What is the hundred thousands digit of 146715?
1
What is the hundreds digit of 4288332?
3
What is the millions digit of 6629040?
6
What is the ten thousands digit of 346159?
4
What is the millions digit of 17791562?
7
What is the units digit of 1722959?
9
What is the thousands digit of 716291?
6
What is the hundreds digit of 486342?
3
What is the ten thousands digit of 53838?
5
What is the thousands digit of 110629?
0
What is the millions digit of 1821123?
1
What is the tens digit of 346466?
6
What is the millions digit of 14209500?
4
What is the millions digit of 1301673?
1
What is the thousands digit of 13715?
3
What is the units digit of 6529588?
8
What is the tens digit of 374503?
0
What is the ten thousands digit of 1435046?
3
What is the millions digit of 8199033?
8
What is the hundreds digit of 1240652?
6
What is the hundred thousands digit of 325457?
3
What is the hundred thousands digit of 188908?
1
What is the thousands digit of 1373517?
3
What is the ten thousands digit of 13072980?
7
What is the hundred thousands digit of 1449868?
4
What is the units digit of 446489?
9
What is the hundred thousands digit of 575482?
5
What is the units digit of 136606?
6
What is the tens digit of 220804?
0
What is the thousands digit of 4595261?
5
What is the ten thousands digit of 1450564?
5
What is the tens digit of 764777?
7
What is the hundreds digit of 393469?
4
What is the millions digit of 1350265?
1
What is the units digit of 573235?
5
What is the thousands digit of 382724?
2
What is the thousands digit of 1159882?
9
What is the ten thousands digit of 190183?
9
What is the tens digit of 163290?
9
What is the hundred thousands digit of 6419973?
4
What is the tens digit of 1376342?
4
What is the units digit of 567387?
7
What is the hundreds digit of 506134?
1
What is the hundred thousands digit of 1302109?
3
What is the hundred thousands digit of 209020?
2
What is the hundreds digit of 14394916?
9
What is the hundred thousands digit of 5778802?
7
What is the units digit of 3899116?
6
What is the ten thousands digit of 1456628?
5
What is the thousands digit of 261888?
1
What is the thousands digit of 181060?
1
What is the millions digit of 4164769?
4
What is the units digit of 39102?
2
What is the units digit of 6562907?
7
What is the tens digit of 381324?
2
What is the thousands digit of 2273071?
3
What is the units digit of 3430191?
1
What is the units digit of 4078196?
6
What is the thousands digit of 244546?
4
What is the tens digit of 348724?
2
What is the thousands digit of 4022188?
2
What is the units digit of 194417?
7
What is the ten thousands digit of 21957614?
5
What is the hundred thousands digit of 1117634?
1
What is the ten thousands digit of 74468?
7
What is the units digit of 100623?
3
What is the hundreds digit of 264033?
0
What is the thousands digit of 18882160?
2
What is the units digit of 5769274?
4
What is the hundreds digit of 111477?
4
What is the hundred thousands digit of 10368386?
3
What is the ten thousands digit of 16026825?
2
What is the ten thousands digit of 676960?
7
What is the thousands digit of 275983?
5
What is the units digit of 502269?
9
What is the tens digit of 19795473?
7
What is the ten thousands digit of 5613478?
1
What is the units digit of 12721?
1
What is the units digit of 7087671?
1
What is the ten thousands digit of 7071636?
7
What is the ten thousands digit of 23738?
2
What is the hundreds digit of 678977?
9
What is the hundred thousands digit of 982993?
9
What is the tens digit of 4794712?
1
What is the units digit of 6604177?
7
What is the tens digit of 2736131?
3
What is the thousands digit of 1991139?
1
What is the ten thousands digit of 298683?
9
What is the hundreds digit of 577041?
0
What is the millions digit of 25231047?
5
What is the tens digit of 6292066?
6
What is the units digit of 854591?
1
What is the thousands digit of 828331?
8
What is the thousands digit of 4033485?
3
What is the units digit of 467231?
1
What is the hundreds digit of 2217846?
8
What is the tens digit of 7045?
4
What is the thousands digit of 76799?
6
What is the millions digit of 1203810?
1
What is the thousands digit of 278001?
8
What is the tens digit of 3169779?
7
What is the hundred thousands digit of 373487?
3
What is the hundred thousands digit of 718858?
7
What is the hundred thousands digit of 114160?
1
What is the hundreds digit of 16612?
6
What is the hundreds digit of 310776?
7
What is the units digit of 3519971?
1
What is the tens digit of 203757?
5
What is the ten thousands digit of 429093?
2
What is the hundreds digit of 265612?
6
What is the millions digit of 12857084?
2
What is the hundred thousands digit of 779227?
7
What is the ten thousands digit of 1464480?
6
What is the million